t common factor of 56 and 630.
14
What is the greatest common divisor of 7 and 1057?
7
What is the highest common factor of 462 and 2464?
154
What is the greatest common divisor of 148 and 46?
2
Calculate the greatest common divisor of 108 and 2892.
12
Calculate the greatest common divisor of 1664 and 39.
13
Calculate the greatest common factor of 33 and 22.
11
Calculate the highest common factor of 30 and 9030.
30
What is the greatest common factor of 3028 and 4?
4
What is the highest common factor of 45 and 80?
5
What is the highest common divisor of 124 and 341?
31
Calculate the greatest common factor of 34 and 425.
17
Calculate the greatest common divisor of 92 and 69.
23
Calculate the highest common divisor of 1045 and 190.
95
What is the greatest common factor of 152 and 12312?
152
Calculate the highest common divisor of 581 and 7.
7
What is the greatest common factor of 18 and 2?
2
What is the highest common divisor of 232 and 40?
8
Calculate the greatest common factor of 178 and 979.
89
Calculate the greatest common factor of 3749 and 1141.
163
What is the greatest common factor of 1976 and 338?
26
Calculate the greatest common divisor of 1098 and 36.
18
Calculate the highest common factor of 69 and 11523.
69
Calculate the highest common divisor of 1267 and 28.
7
Calculate the highest common factor of 23 and 92.
23
Calculate the greatest common divisor of 216 and 24.
24
Calculate the greatest common divisor of 1778 and 14.
14
Calculate the highest common factor of 512 and 192.
64
Calculate the greatest common divisor of 56 and 12.
4
Calculate the greatest common factor of 1430 and 20.
10
Calculate the greatest common divisor of 13 and 8320.
13
Calculate the highest common factor of 56 and 1092.
28
What is the highest common factor of 38 and 266?
38
Calculate the greatest common factor of 56 and 8456.
56
What is the greatest common factor of 315 and 243?
9
What is the greatest common divisor of 629 and 51?
17
Calculate the greatest common factor of 25 and 15.
5
What is the greatest common factor of 40 and 16?
8
Calculate the greatest common factor of 220 and 520.
20
What is the highest common factor of 48 and 48?
48
Calculate the highest common factor of 184 and 3404.
92
What is the highest common factor of 230 and 880?
10
Calculate the greatest common factor of 2736 and 144.
144
Calculate the greatest common factor of 23 and 529.
23
Calculate the highest common factor of 57 and 7581.
57
Calculate the greatest common divisor of 2668 and 460.
92
What is the greatest common factor of 1157 and 377?
13
What is the greatest common divisor of 58 and 28478?
58
Calculate the highest common divisor of 23 and 5428.
23
What is the greatest common factor of 58 and 1073?
29
Calculate the greatest common factor of 489 and 652.
163
Calculate the greatest common factor of 48 and 3408.
48
What is the greatest common factor of 407 and 44?
11
What is the greatest common factor of 2132 and 1148?
164
What is the highest common factor of 156 and 6448?
52
What is the greatest common divisor of 225 and 1425?
75
Calculate the highest common divisor of 328 and 24.
8
Calculate the highest common divisor of 1596 and 1092.
84
What is the highest common divisor of 450 and 650?
50
Calculate the greatest common factor of 336 and 28.
28
Calculate the highest common factor of 372 and 12.
12
Calculate the highest common factor of 1139 and 67.
67
What is the greatest common factor of 900 and 48?
12
What is the greatest common divisor of 352 and 220?
44
What is the greatest common divisor of 84 and 2079?
21
What is the highest common divisor of 9392 and 112?
16
Calculate the highest common factor of 63 and 1134.
63
Calculate the highest common factor of 27 and 135.
27
Calculate the greatest common divisor of 70 and 105.
35
Calculate the greatest common divisor of 16 and 38576.
16
Calculate the highest common factor of 792 and 1672.
88
What is the highest common divisor of 1586 and 78?
26
What is the greatest common divisor of 5222 and 21?
7
Calculate the greatest common divisor of 4110 and 20.
10
Calculate the greatest common divisor of 3875 and 930.
155
Calculate the greatest common divisor of 74 and 185.
37
Calculate the greatest common divisor of 32 and 2000.
16
Calculate the highest common factor of 1224 and 867.
51
Calculate the greatest common divisor of 2060 and 140.
20
What is the greatest common divisor of 21 and 1029?
21
Calculate the highest common divisor of 125 and 45.
5
What is the greatest common factor of 204 and 40?
4
What is the greatest common factor of 5481 and 756?
189
What is the greatest common divisor of 32 and 44?
4
Calculate the greatest common divisor of 8 and 68.
4
What is the highest common factor of 1400 and 672?
56
What is the greatest common factor of 598 and 920?
46
What is the highest common factor of 19 and 26258?
19
What is the highest common divisor of 3038 and 882?
98
Calculate the greatest common divisor of 60 and 2340.
60
What is the highest common divisor of 52 and 152?
4
Calculate the greatest common factor of 54 and 27.
27
What is the highest common divisor of 38 and 114?
38
Calculate the greatest common factor of 30 and 15.
15
What is the highest common divisor of 50 and 570?
10
What is the greatest common factor of 559 and 473?
43
What is the greatest common divisor of 2499 and 510?
51
Calculate the highest common factor of 13 and 793.
13
What is the highest common divisor of 44 and 308?
44
What is the greatest common divisor of 3 and 1253?
1
Calculate the highest common divisor of 27 and 60.
3
What is the highest common divisor of 11 and 199?
1
Calculate the greatest common factor of 10206 and 14.
14
Calculate the greatest common divisor of 498 and 207.
3
Calculate the greatest common divisor of 16751 and 7.
7
Calculate the highest common divisor of 2286 and 117.
9
What is the greatest common factor of 10680 and 48?
24
What is the highest common divisor of 638 and 174?
58
What is the greatest common factor of 3367 and 4144?
259
Calculate the greatest common divisor of 198 and 7821.
99
What is the greatest common factor of 187 and 51?
17
What is the highest common divisor of 63 and 279?
9
Calculate the greatest common divisor of 1864 and 2563.
233
Calculate the greatest common factor of 90 and 210.
30
Calculate the greatest common factor of 11 and 233.
1
What is the greatest common factor of 285 and 30?
15
Calculate the highest common factor of 84 and 192.
12
What is the highest common divisor of 22 and 88?
22
Calculate the highest common divisor of 130 and 280.
10
Calculate the highest common divisor of 299 and 23.
23
What is the highest common divisor of 198 and 825?
33
What is the greatest common divisor of 5965 and 5?
5
Calculate the highest common divisor of 272 and 192.
16
What is the greatest common factor of 7381 and 121?
121
Calculate the greatest common divisor of 27 and 2475.
9
What is the highest common divisor of 58 and 6177?
29
What is the highest common factor of 53232 and 24?
24
What is the greatest common factor of 407 and 333?
37
Calculate the highest common divisor of 3 and 327.
3
Calculate the highest common factor of 40 and 25.
5
Calculate the highest common divisor of 21 and 56.
7
Calculate the highest common factor of 588 and 132.
12
Calculate the greatest common factor of 3534 and 930.
186
What is the greatest common factor of 174 and 18?
6
What is the greatest common factor of 42032 and 74?
74
Calculate the highest common divisor of 111 and 3.
3
Calculate the highest common divisor of 636 and 28.
4
Calculate the highest common factor of 1760 and 160.
160
What is the highest common divisor of 120 and 210?
30
Calculate the greatest common factor of 8019 and 198.
99
What is the highest common factor of 1419 and 43?
43
Calculate the greatest common factor of 28 and 238.
14
Calculate the greatest common divisor of 9512 and 123.
41
Calculate the greatest common divisor of 84 and 644.
28
Calculate the greatest common factor of 332 and 24.
4
What is the greatest common factor of 200 and 1650?
50
What is the highest common divisor of 13 and 1?
1
What is the highest common divisor of 120 and 9720?
120
What is the greatest common divisor of 4992 and 156?
156
What is the highest common divisor of 30 and 390?
30